{"id":770,"date":"2022-04-18T14:38:03","date_gmt":"2022-04-18T14:38:03","guid":{"rendered":"https:\/\/demo.athemes.com\/sydney-leads\/?page_id=770"},"modified":"2026-02-21T19:20:15","modified_gmt":"2026-02-21T18:20:15","slug":"services","status":"publish","type":"page","link":"https:\/\/ycmetz.org\/index.php\/services\/","title":{"rendered":"Tarifs"},"content":{"rendered":"\t\t<div data-elementor-type=\"wp-page\" data-elementor-id=\"770\" class=\"elementor elementor-770\">\n\t\t\t\t\t\t<section class=\"elementor-section elementor-top-section elementor-element elementor-element-29a09a5 elementor-section-boxed elementor-section-height-default elementor-section-height-default\" data-id=\"29a09a5\" data-element_type=\"section\" data-e-type=\"section\">\n\t\t\t\t\t\t<div class=\"elementor-container elementor-column-gap-default\">\n\t\t\t\t\t<div class=\"elementor-column elementor-col-100 elementor-top-column elementor-element elementor-element-893269f\" data-id=\"893269f\" data-element_type=\"column\" data-e-type=\"column\">\n\t\t\t<div class=\"elementor-widget-wrap elementor-element-populated\">\n\t\t\t\t\t\t<div class=\"elementor-element elementor-element-d3c5d92 elementor-widget elementor-widget-heading\" data-id=\"d3c5d92\" data-element_type=\"widget\" data-e-type=\"widget\" data-widget_type=\"heading.default\">\n\t\t\t\t<div class=\"elementor-widget-container\">\n\t\t\t\t\t<div class=\"elementor-heading-title elementor-size-default\">D\u00e9couvrez nos tarifs, services et \u00e9quipements<\/div>\t\t\t\t<\/div>\n\t\t\t\t<\/div>\n\t\t\t\t<div class=\"elementor-element elementor-element-3dcb893 elementor-widget elementor-widget-heading\" data-id=\"3dcb893\" data-element_type=\"widget\" data-e-type=\"widget\" data-widget_type=\"heading.default\">\n\t\t\t\t<div class=\"elementor-widget-container\">\n\t\t\t\t\t<h2 class=\"elementor-heading-title elementor-size-default\">Tarifs<\/h2>\t\t\t\t<\/div>\n\t\t\t\t<\/div>\n\t\t\t\t<div class=\"elementor-element elementor-element-a9d7924 elementor-widget-divider--view-line elementor-widget elementor-widget-divider\" data-id=\"a9d7924\" data-element_type=\"widget\" data-e-type=\"widget\" data-widget_type=\"divider.default\">\n\t\t\t\t<div class=\"elementor-widget-container\">\n\t\t\t\t\t\t\t<div class=\"elementor-divider\">\n\t\t\t<span class=\"elementor-divider-separator\">\n\t\t\t\t\t\t<\/span>\n\t\t<\/div>\n\t\t\t\t\t\t<\/div>\n\t\t\t\t<\/div>\n\t\t\t\t\t<\/div>\n\t\t<\/div>\n\t\t\t\t\t<\/div>\n\t\t<\/section>\n\t\t\t\t<section class=\"elementor-section elementor-top-section elementor-element elementor-element-a9406f3 elementor-section-boxed elementor-section-height-default elementor-section-height-default\" data-id=\"a9406f3\" data-element_type=\"section\" data-e-type=\"section\">\n\t\t\t\t\t\t<div class=\"elementor-container elementor-column-gap-default\">\n\t\t\t\t\t<div class=\"elementor-column elementor-col-50 elementor-top-column elementor-element elementor-element-088def0\" data-id=\"088def0\" data-element_type=\"column\" data-e-type=\"column\" data-settings=\"{&quot;background_background&quot;:&quot;classic&quot;}\">\n\t\t\t<div class=\"elementor-widget-wrap elementor-element-populated\">\n\t\t\t\t\t\t<div class=\"elementor-element elementor-element-140231b elementor-widget elementor-widget-heading\" data-id=\"140231b\" data-element_type=\"widget\" data-e-type=\"widget\" data-widget_type=\"heading.default\">\n\t\t\t\t<div class=\"elementor-widget-container\">\n\t\t\t\t\t<h3 class=\"elementor-heading-title elementor-size-default\">Nos Services<\/h3>\t\t\t\t<\/div>\n\t\t\t\t<\/div>\n\t\t\t\t<div class=\"elementor-element elementor-element-3653f05 elementor-widget elementor-widget-image\" data-id=\"3653f05\" data-element_type=\"widget\" data-e-type=\"widget\" data-widget_type=\"image.default\">\n\t\t\t\t<div class=\"elementor-widget-container\">\n\t\t\t\t\t\t\t\t\t\t\t\t\t\t\t<img fetchpriority=\"high\" decoding=\"async\" width=\"1024\" height=\"291\" src=\"https:\/\/ycmetz.org\/wp-content\/uploads\/2023\/01\/Photos_sol-aerovue_scy-chazelles-bandeau-1024x291.jpg\" class=\"attachment-large size-large wp-image-34\" alt=\"\" srcset=\"https:\/\/ycmetz.org\/wp-content\/uploads\/2023\/01\/Photos_sol-aerovue_scy-chazelles-bandeau-1024x291.jpg 1024w, https:\/\/ycmetz.org\/wp-content\/uploads\/2023\/01\/Photos_sol-aerovue_scy-chazelles-bandeau-300x85.jpg 300w, https:\/\/ycmetz.org\/wp-content\/uploads\/2023\/01\/Photos_sol-aerovue_scy-chazelles-bandeau-768x218.jpg 768w, https:\/\/ycmetz.org\/wp-content\/uploads\/2023\/01\/Photos_sol-aerovue_scy-chazelles-bandeau-1536x437.jpg 1536w, https:\/\/ycmetz.org\/wp-content\/uploads\/2023\/01\/Photos_sol-aerovue_scy-chazelles-bandeau.jpg 1600w\" sizes=\"(max-width: 1024px) 100vw, 1024px\" \/>\t\t\t\t\t\t\t\t\t\t\t\t\t\t\t<\/div>\n\t\t\t\t<\/div>\n\t\t\t\t<div class=\"elementor-element elementor-element-880d93c elementor-widget elementor-widget-text-editor\" data-id=\"880d93c\" data-element_type=\"widget\" data-e-type=\"widget\" data-widget_type=\"text-editor.default\">\n\t\t\t\t<div class=\"elementor-widget-container\">\n\t\t\t\t\t\t\t\t\t<p>Distribution d\u2019eau et d\u2019\u00e9lectricit\u00e9 (paiement de la consommation)<\/p><p>Sanitaires accessibles aux PMR : WC et douches<\/p>\t\t\t\t\t\t\t\t<\/div>\n\t\t\t\t<\/div>\n\t\t\t\t<section class=\"elementor-section elementor-inner-section elementor-element elementor-element-0fb2e4b elementor-section-boxed elementor-section-height-default elementor-section-height-default\" data-id=\"0fb2e4b\" data-element_type=\"section\" data-e-type=\"section\">\n\t\t\t\t\t\t<div class=\"elementor-container elementor-column-gap-default\">\n\t\t\t\t\t<div class=\"elementor-column elementor-col-100 elementor-inner-column elementor-element elementor-element-0229f04\" data-id=\"0229f04\" data-element_type=\"column\" data-e-type=\"column\">\n\t\t\t<div class=\"elementor-widget-wrap elementor-element-populated\">\n\t\t\t\t\t\t<div class=\"elementor-element elementor-element-b95082b elementor-align-left elementor-widget elementor-widget-button\" data-id=\"b95082b\" data-element_type=\"widget\" data-e-type=\"widget\" data-widget_type=\"button.default\">\n\t\t\t\t<div class=\"elementor-widget-container\">\n\t\t\t\t\t\t\t\t\t<div class=\"elementor-button-wrapper\">\n\t\t\t\t\t<a class=\"elementor-button elementor-button-link elementor-size-sm\" href=\"http:\/\/ycmetz.org\/index.php\/contact\/\">\n\t\t\t\t\t\t<span class=\"elementor-button-content-wrapper\">\n\t\t\t\t\t\t\t\t\t<span class=\"elementor-button-text\">Contactez-nous<\/span>\n\t\t\t\t\t<\/span>\n\t\t\t\t\t<\/a>\n\t\t\t\t<\/div>\n\t\t\t\t\t\t\t\t<\/div>\n\t\t\t\t<\/div>\n\t\t\t\t\t<\/div>\n\t\t<\/div>\n\t\t\t\t\t<\/div>\n\t\t<\/section>\n\t\t\t\t\t<\/div>\n\t\t<\/div>\n\t\t\t\t<div class=\"elementor-column elementor-col-50 elementor-top-column elementor-element elementor-element-db0c54d\" data-id=\"db0c54d\" data-element_type=\"column\" data-e-type=\"column\" data-settings=\"{&quot;background_background&quot;:&quot;classic&quot;}\">\n\t\t\t<div class=\"elementor-widget-wrap elementor-element-populated\">\n\t\t\t\t\t\t<div class=\"elementor-element elementor-element-18febad elementor-widget elementor-widget-heading\" data-id=\"18febad\" data-element_type=\"widget\" data-e-type=\"widget\" data-widget_type=\"heading.default\">\n\t\t\t\t<div class=\"elementor-widget-container\">\n\t\t\t\t\t<h3 class=\"elementor-heading-title elementor-size-default\">Nos \u00e9quipements<\/h3>\t\t\t\t<\/div>\n\t\t\t\t<\/div>\n\t\t\t\t<div class=\"elementor-element elementor-element-b5efeee elementor-widget elementor-widget-image\" data-id=\"b5efeee\" data-element_type=\"widget\" data-e-type=\"widget\" data-widget_type=\"image.default\">\n\t\t\t\t<div class=\"elementor-widget-container\">\n\t\t\t\t\t\t\t\t\t\t\t\t\t\t\t<img decoding=\"async\" width=\"900\" height=\"593\" src=\"https:\/\/ycmetz.org\/wp-content\/uploads\/2023\/01\/Entre-deux-ports-048.jpg\" class=\"attachment-large size-large wp-image-27\" alt=\"\" srcset=\"https:\/\/ycmetz.org\/wp-content\/uploads\/2023\/01\/Entre-deux-ports-048.jpg 900w, https:\/\/ycmetz.org\/wp-content\/uploads\/2023\/01\/Entre-deux-ports-048-300x198.jpg 300w, https:\/\/ycmetz.org\/wp-content\/uploads\/2023\/01\/Entre-deux-ports-048-768x506.jpg 768w\" sizes=\"(max-width: 900px) 100vw, 900px\" \/>\t\t\t\t\t\t\t\t\t\t\t\t\t\t\t<\/div>\n\t\t\t\t<\/div>\n\t\t\t\t<div class=\"elementor-element elementor-element-84b73ae elementor-widget elementor-widget-text-editor\" data-id=\"84b73ae\" data-element_type=\"widget\" data-e-type=\"widget\" data-widget_type=\"text-editor.default\">\n\t\t\t\t<div class=\"elementor-widget-container\">\n\t\t\t\t\t\t\t\t\t<p style=\"margin-top: 0pt; margin-bottom: 8pt; border: none; mso-border-left-alt: none; mso-border-top-alt: none; mso-border-right-alt: none; mso-border-bottom-alt: none; mso-border-between: none;\"><span style=\"font-family: 'Calibri'; font-size: 11pt; color: #000000; mso-style-textfill-fill-color: #000000;\">Station de d\u00e9potage (eaux us\u00e9es, huiles de moteur) en acc\u00e8s sur demande<\/span><\/p><p style=\"margin-top: 0pt; margin-bottom: 8pt; border: none; mso-border-between: none;\"><span style=\"font-family: 'Calibri'; font-size: 11pt; color: #000000; mso-style-textfill-fill-color: #000000;\">Aires avec conteneurs de tri s\u00e9lectif<\/span><\/p><p>\u00a0<\/p>\t\t\t\t\t\t\t\t<\/div>\n\t\t\t\t<\/div>\n\t\t\t\t<section class=\"elementor-section elementor-inner-section elementor-element elementor-element-67c63e9 elementor-section-boxed elementor-section-height-default elementor-section-height-default\" data-id=\"67c63e9\" data-element_type=\"section\" data-e-type=\"section\">\n\t\t\t\t\t\t<div class=\"elementor-container elementor-column-gap-default\">\n\t\t\t\t\t<div class=\"elementor-column elementor-col-100 elementor-inner-column elementor-element elementor-element-4a4c49e\" data-id=\"4a4c49e\" data-element_type=\"column\" data-e-type=\"column\">\n\t\t\t<div class=\"elementor-widget-wrap elementor-element-populated\">\n\t\t\t\t\t\t<div class=\"elementor-element elementor-element-c2d039d elementor-align-left elementor-mobile-align-left elementor-widget elementor-widget-button\" data-id=\"c2d039d\" data-element_type=\"widget\" data-e-type=\"widget\" data-widget_type=\"button.default\">\n\t\t\t\t<div class=\"elementor-widget-container\">\n\t\t\t\t\t\t\t\t\t<div class=\"elementor-button-wrapper\">\n\t\t\t\t\t<a class=\"elementor-button elementor-button-link elementor-size-sm\" href=\"http:\/\/ycmetz.org\/index.php\/contact\/\">\n\t\t\t\t\t\t<span class=\"elementor-button-content-wrapper\">\n\t\t\t\t\t\t\t\t\t<span class=\"elementor-button-text\">Contactez-nous<\/span>\n\t\t\t\t\t<\/span>\n\t\t\t\t\t<\/a>\n\t\t\t\t<\/div>\n\t\t\t\t\t\t\t\t<\/div>\n\t\t\t\t<\/div>\n\t\t\t\t\t<\/div>\n\t\t<\/div>\n\t\t\t\t\t<\/div>\n\t\t<\/section>\n\t\t\t\t\t<\/div>\n\t\t<\/div>\n\t\t\t\t\t<\/div>\n\t\t<\/section>\n\t\t\t\t<section class=\"elementor-section elementor-top-section elementor-element elementor-element-c05829b elementor-section-boxed elementor-section-height-default elementor-section-height-default\" data-id=\"c05829b\" data-element_type=\"section\" data-e-type=\"section\">\n\t\t\t\t\t\t<div class=\"elementor-container elementor-column-gap-default\">\n\t\t\t\t\t<div class=\"elementor-column elementor-col-100 elementor-top-column elementor-element elementor-element-6f89496\" data-id=\"6f89496\" data-element_type=\"column\" data-e-type=\"column\">\n\t\t\t<div class=\"elementor-widget-wrap elementor-element-populated\">\n\t\t\t\t\t\t<div class=\"elementor-element elementor-element-21e95e3 elementor-widget elementor-widget-text-editor\" data-id=\"21e95e3\" data-element_type=\"widget\" data-e-type=\"widget\" data-widget_type=\"text-editor.default\">\n\t\t\t\t<div class=\"elementor-widget-container\">\n\t\t\t\t\t\t\t\t\t<table width=\"302\">\n<tbody>\n<tr>\n<td colspan=\"3\" width=\"302\">TARIFS<\/td>\n<\/tr>\n<tr>\n<td>&nbsp;<\/td>\n<td>&nbsp;<\/td>\n<td>&nbsp;<\/td>\n<\/tr>\n<tr>\n<td>DROIT D&#8217;ENTREE<\/td>\n<td>286 \u20ac<\/td>\n<td>286 \u20ac<\/td>\n<\/tr>\n<tr>\n<td>COTISATION<\/td>\n<td>174 \u20ac<\/td>\n<td>174 \u20ac<\/td>\n<\/tr>\n<tr>\n<td colspan=\"3\">LONGUEUR BATEAU ET TARIF PLACE<\/td>\n<\/tr>\n<tr>\n<td>A<\/td>\n<td>0 \u00e0 5 m<\/td>\n<td>325 \u20ac<\/td>\n<\/tr>\n<tr>\n<td>B<\/td>\n<td>5,01 m \u00e0 7 m<\/td>\n<td>456 \u20ac<\/td>\n<\/tr>\n<tr>\n<td>C<\/td>\n<td>7,01 m \u00e0 9 m<\/td>\n<td>577 \u20ac<\/td>\n<\/tr>\n<tr>\n<td>D<\/td>\n<td>9,01 m \u00e0 11 m<\/td>\n<td>719 \u20ac<\/td>\n<\/tr>\n<tr>\n<td>E<\/td>\n<td>11,01 m \u00e0 13 m<\/td>\n<td>819 \u20ac<\/td>\n<\/tr>\n<tr>\n<td>F<\/td>\n<td>13,01 m \u00e0 15 m<\/td>\n<td>980 \u20ac<\/td>\n<\/tr>\n<tr>\n<td>G<\/td>\n<td>15,01 m \u00e0 17 m<\/td>\n<td>1 112 \u20ac<\/td>\n<\/tr>\n<tr>\n<td>H<\/td>\n<td>17,01 m \u00e0 19 m<\/td>\n<td>1 245 \u20ac<\/td>\n<\/tr>\n<tr>\n<td>I<\/td>\n<td>19,01 m \u00e0 21 m<\/td>\n<td>1 373 \u20ac<\/td>\n<\/tr>\n<tr>\n<td>J<\/td>\n<td>21,01 m \u00e0 23 m<\/td>\n<td>1 505 \u20ac<\/td>\n<\/tr>\n<tr>\n<td>K<\/td>\n<td>23,01 m \u00e0 25 m<\/td>\n<td>1 638 \u20ac<\/td>\n<\/tr>\n<tr>\n<td>L<\/td>\n<td>25,01 m \u00e0 27 m<\/td>\n<td>1 767 \u20ac<\/td>\n<\/tr>\n<tr>\n<td>M<\/td>\n<td>27,01 m \u00e0 29 m<\/td>\n<td>1 898 \u20ac<\/td>\n<\/tr>\n<tr>\n<td>N<\/td>\n<td>29,01 m \u00e0 31 m<\/td>\n<td>1 938 \u20ac<\/td>\n<\/tr>\n<tr>\n<td>O<\/td>\n<td>31,01 m \u00e0 33 m<\/td>\n<td>2 160 \u20ac<\/td>\n<\/tr>\n<tr>\n<td>P<\/td>\n<td>33,01 m \u00e0 35 m<\/td>\n<td>2 252 \u20ac<\/td>\n<\/tr>\n<tr>\n<td>Q<\/td>\n<td>35,01 m \u00e0 37 m<\/td>\n<td>2 423 \u20ac<\/td>\n<\/tr>\n<tr>\n<td>R<\/td>\n<td>37,01 m \u00e0 39 m<\/td>\n<td>2 555 \u20ac<\/td>\n<\/tr>\n<tr>\n<td colspan=\"3\">PASSAGERS<\/td>\n<\/tr>\n<tr>\n<td>1 JOUR<\/td>\n<td>&nbsp;<\/td>\n<td>15 \u20ac<\/td>\n<\/tr>\n<tr>\n<td>7 JOURS<\/td>\n<td>&nbsp;<\/td>\n<td>60 \u20ac<\/td>\n<\/tr>\n<tr>\n<td>1 MOIS<\/td>\n<td>&nbsp;<\/td>\n<td>200 \u20ac<\/td>\n<\/tr>\n<tr>\n<td>CAUTION CLE<\/td>\n<td>&nbsp;<\/td>\n<td>5<\/td>\n<\/tr>\n<tr>\n<td>&nbsp;<\/td>\n<td>&nbsp;<\/td>\n<td>&nbsp;<\/td>\n<\/tr>\n<tr>\n<td>&nbsp;<\/td>\n<td>&nbsp;<\/td>\n<td>&nbsp;<\/td>\n<\/tr>\n<tr>\n<td colspan=\"3\" rowspan=\"2\" width=\"302\">Pour les nouveaux membres arriv\u00e9s apr\u00e8s le 15 septembre : (cotisation + place = prorata temporis)<\/td>\n<\/tr>\n<\/tbody>\n<\/table>\t\t\t\t\t\t\t\t<\/div>\n\t\t\t\t<\/div>\n\t\t\t\t\t<\/div>\n\t\t<\/div>\n\t\t\t\t\t<\/div>\n\t\t<\/section>\n\t\t\t\t<\/div>\n\t\t","protected":false},"excerpt":{"rendered":"<p>D\u00e9couvrez nos tarifs, services et \u00e9quipements Tarifs Nos Services Distribution d\u2019eau et d\u2019\u00e9lectricit\u00e9 (paiement de la consommation) Sanitaires accessibles aux PMR : [&hellip;]<\/p>\n","protected":false},"author":1,"featured_media":0,"parent":0,"menu_order":0,"comment_status":"closed","ping_status":"closed","template":"page-templates\/page_front-page.php","meta":{"footnotes":""},"class_list":["post-770","page","type-page","status-publish","hentry"],"_links":{"self":[{"href":"https:\/\/ycmetz.org\/index.php\/wp-json\/wp\/v2\/pages\/770","targetHints":{"allow":["GET"]}}],"collection":[{"href":"https:\/\/ycmetz.org\/index.php\/wp-json\/wp\/v2\/pages"}],"about":[{"href":"https:\/\/ycmetz.org\/index.php\/wp-json\/wp\/v2\/types\/page"}],"author":[{"embeddable":true,"href":"https:\/\/ycmetz.org\/index.php\/wp-json\/wp\/v2\/users\/1"}],"replies":[{"embeddable":true,"href":"https:\/\/ycmetz.org\/index.php\/wp-json\/wp\/v2\/comments?post=770"}],"version-history":[{"count":19,"href":"https:\/\/ycmetz.org\/index.php\/wp-json\/wp\/v2\/pages\/770\/revisions"}],"predecessor-version":[{"id":1317,"href":"https:\/\/ycmetz.org\/index.php\/wp-json\/wp\/v2\/pages\/770\/revisions\/1317"}],"wp:attachment":[{"href":"https:\/\/ycmetz.org\/index.php\/wp-json\/wp\/v2\/media?parent=770"}],"curies":[{"name":"wp","href":"https:\/\/api.w.org\/{rel}","templated":true}]}}